{"id":614,"date":"2024-11-21T14:37:48","date_gmt":"2024-11-21T13:37:48","guid":{"rendered":"https:\/\/hotelanderrebe.tourismusschulen-retz.at\/?page_id=614"},"modified":"2025-12-04T13:57:32","modified_gmt":"2025-12-04T12:57:32","slug":"faq","status":"publish","type":"page","link":"https:\/\/hotelanderrebe.tourismusschulen-retz.at\/?page_id=614","title":{"rendered":"FAQ"},"content":{"rendered":"\n<h3>Gibt es einen Parkplatz direkt beim Seminarhotel? <\/h3>\n\n\n\n<p>Es gibt vor dem Haus einen gro\u00dfen G\u00e4steparkplatz sowie eine Tiefgarage f\u00fcr unsere Hotelg\u00e4ste. Diese ist mit einem Autolift vom Rupert-Rockenbauer-Platz aus erreichbar. Gerne wird Ihr Auto von einem Mitarbeiter des Hauses in die Garage gestellt. <\/p>\n\n\n\n<h3>Wann gibt es Fr\u00fchst\u00fcck?<\/h3>\n\n\n\n<p>Bitte beachten Sie, dass wir derzeit kein Fr\u00fchst\u00fcck in unserem Haus anbieten. Wir empfehlen Ihnen jedoch gerne einige nahegelegene Caf\u00e9s und Restaurants, die eine Vielzahl von Fr\u00fchst\u00fccksoptionen bereithalten.<\/p>\n\n\n\n<h3>Wann ist das Restaurant Elements ge\u00f6ffnet inkl. der K\u00fcchenzeiten?<\/h3>\n\n\n\n<p>Montag bis Sonntag von 12:00 bis 22:00 Uhr<br><\/p>\n\n\n\n<h2>Wer verdient viel zu viel f\u00fcr die Arbeit die er macht<\/h2>\n\n\n\n<p>Francesco Cerminara<\/p>\n\n\n\n<h2>Wie lange ist die Rezeption besetzt?<\/h2>\n\n\n\n<p>Die Rezeption ist t\u00e4glich von 8:00 Uhr bis 21:00 Uhr pers\u00f6nlich bzw. telefonisch besetzt.<\/p>\n\n\n\n<h3>Gibt es einen WLAN-Zugang im Haus und ist dieser KOSTENFREI?<\/h3>\n\n\n\n<p>Es gibt im gesamten Haus einen kostenlosen WLAN-Zugang. Die Zugangsdaten erfahren Sie bei der Rezeption.<\/p>\n\n\n\n<h3>Sind Haustiere im Seminarhotel erlaubt?<\/h3>\n\n\n\n<p>Gerne k\u00f6nnen Sie Ihren Hund in unser Haus mitnehmen. <\/p>\n\n\n\n<p><\/p>\n\n\n\n<h3>Bieten wir einen W\u00e4sche- bzw. B\u00fcgelservice an?<\/h3>\n\n\n\n<p>Geben Sie Ihre W\u00e4schest\u00fccke in den Plastiksack, den Sie im Schrank finden. Wir bem\u00fchen uns Ihre W\u00e4sche innerhalb von 36 Stunden zu reinigen und zu b\u00fcgeln.<\/p>\n\n\n\n<p>B\u00fcgelbrett und B\u00fcgeleisen erhalten Sie gerne an der Rezeption.<\/p>\n\n\n\n<h3>Sind Raucher willkommen?<\/h3>\n\n\n\n<p>Um die Gesundheit und das Wohlbefinden aller G\u00e4ste zu gew\u00e4hrleisten, m\u00f6chten wir Sie darauf hinweisen, dass Rauchen in unserem gesamten Hotel nicht gestattet ist. Wir danken Ihnen f\u00fcr Ihr Verst\u00e4ndnis und Ihre R\u00fccksichtnahme.<\/p>\n\n\n\n<h3>Wann kann man einchecken?<\/h3>\n\n\n\n<p>Ihr Zimmer k\u00f6nnen Sie ab 14 Uhr beziehen.<br>Falls Sie etwas fr\u00fcher anreisen m\u00f6chten, bitten wir Sie, es uns wissen zu lassen.<br>Wenn es die Verf\u00fcgbarkeit, zul\u00e4sst werden wir es m\u00f6glich machen.<\/p>\n\n\n\n<h3>Wie lange kann man im Zimmer bleiben?<\/h3>\n\n\n\n<p>Sie werden ersucht, Ihr Zimmer bis 11 Uhr zu r\u00e4umen. Sollten Sie Ihr Zimmer l\u00e4nger brauchen, kontaktieren Sie bitte die Rezeption. Sofern dies m\u00f6glich ist, werden wir Ihrem Wunsch gerne entgegenkommen.<\/p>\n","protected":false},"excerpt":{"rendered":"<p>Gibt es einen Parkplatz direkt beim Seminarhotel? Es gibt vor dem Haus einen gro\u00dfen G\u00e4steparkplatz sowie eine Tiefgarage f\u00fcr unsere Hotelg\u00e4ste. Diese ist mit einem Autolift vom Rupert-Rockenbauer-Platz aus erreichbar. Gerne wird Ihr Auto von einem Mitarbeiter des Hauses in die Garage gestellt. Wann gibt es Fr\u00fchst\u00fcck? Bitte beachten Sie, dass wir derzeit kein Fr\u00fchst\u00fcck &hellip; <\/p>\n<p class=\"link-more\"><a href=\"https:\/\/hotelanderrebe.tourismusschulen-retz.at\/?page_id=614\" class=\"more-link\"><span class=\"screen-reader-text\">\u201eFAQ\u201c<\/span> weiterlesen<\/a><\/p>\n","protected":false},"author":2,"featured_media":0,"parent":0,"menu_order":0,"comment_status":"closed","ping_status":"closed","template":"","meta":[],"_links":{"self":[{"href":"https:\/\/hotelanderrebe.tourismusschulen-retz.at\/index.php?rest_route=\/wp\/v2\/pages\/614"}],"collection":[{"href":"https:\/\/hotelanderrebe.tourismusschulen-retz.at\/index.php?rest_route=\/wp\/v2\/pages"}],"about":[{"href":"https:\/\/hotelanderrebe.tourismusschulen-retz.at\/index.php?rest_route=\/wp\/v2\/types\/page"}],"author":[{"embeddable":true,"href":"https:\/\/hotelanderrebe.tourismusschulen-retz.at\/index.php?rest_route=\/wp\/v2\/users\/2"}],"replies":[{"embeddable":true,"href":"https:\/\/hotelanderrebe.tourismusschulen-retz.at\/index.php?rest_route=%2Fwp%2Fv2%2Fcomments&post=614"}],"version-history":[{"count":4,"href":"https:\/\/hotelanderrebe.tourismusschulen-retz.at\/index.php?rest_route=\/wp\/v2\/pages\/614\/revisions"}],"predecessor-version":[{"id":737,"href":"https:\/\/hotelanderrebe.tourismusschulen-retz.at\/index.php?rest_route=\/wp\/v2\/pages\/614\/revisions\/737"}],"wp:attachment":[{"href":"https:\/\/hotelanderrebe.tourismusschulen-retz.at\/index.php?rest_route=%2Fwp%2Fv2%2Fmedia&parent=614"}],"curies":[{"name":"wp","href":"https:\/\/api.w.org\/{rel}","templated":true}]}}